 and 1048327.
217
What is the highest common factor of 620673 and 2793?
57
What is the greatest common factor of 1841764645 and 5495?
5495
What is the highest common factor of 1691193 and 783?
87
Calculate the greatest common factor of 1455 and 1497691155.
1455
Calculate the highest common divisor of 3967693 and 8178.
1363
What is the highest common divisor of 75750 and 1137159?
303
What is the highest common factor of 2649015 and 2709?
387
What is the greatest common divisor of 9920 and 343845800?
1240
What is the greatest common factor of 1992 and 123252?
12
Calculate the highest common divisor of 558 and 463456386.
558
What is the highest common divisor of 2848 and 119033584?
1424
Calculate the highest common divisor of 5709 and 14437023.
519
Calculate the highest common factor of 65056 and 10678.
38
What is the greatest common factor of 68 and 52940?
4
Calculate the greatest common divisor of 6327483 and 33.
3
Calculate the highest common divisor of 1767 and 87673828.
589
Calculate the highest common divisor of 18317405 and 1480.
185
Calculate the highest common divisor of 11871228 and 1184.
148
What is the highest common factor of 6177 and 1272201?
87
Calculate the highest common divisor of 68 and 979319.
17
What is the greatest common divisor of 125 and 724900?
25
What is the highest common divisor of 7142205 and 92953?
1897
Calculate the highest common factor of 294996 and 789477.
1209
What is the greatest common factor of 14049 and 15561?
63
What is the greatest common divisor of 488 and 34725836?
244
Calculate the greatest common factor of 939954048 and 1056.
1056
Calculate the highest common divisor of 277564 and 1860.
4
Calculate the greatest common factor of 459998 and 226394.
1442
What is the greatest common divisor of 7657 and 10787972?
247
What is the highest common factor of 69231230 and 10?
10
What is the highest common factor of 210 and 4159190?
70
What is the greatest common factor of 574944325 and 25?
25
What is the greatest common factor of 34830 and 6635760?
1290
Calculate the greatest common factor of 23856 and 394476.
852
What is the highest common divisor of 4728 and 59611806?
1182
What is the greatest common divisor of 998096050 and 20?
10
Calculate the greatest common factor of 96351939 and 423.
9
Calculate the greatest common divisor of 299 and 183020591.
299
What is the greatest common divisor of 39624 and 38298?
78
Calculate the highest common factor of 64466140 and 20.
20
Calculate the highest common divisor of 15 and 1857285.
15
Calculate the highest common factor of 134915 and 220.
55
What is the highest common divisor of 46207972 and 73100?
2924
Calculate the highest common factor of 4329627 and 172.
43
Calculate the greatest common factor of 170 and 51765130.
10
Calculate the highest common factor of 6330 and 337445970.
6330
What is the highest common factor of 43130355 and 21045?
915
What is the highest common factor of 10684440 and 11232?
2808
What is the highest common factor of 13011480 and 2256?
1128
Calculate the greatest common factor of 84122570 and 820.
410
What is the highest common factor of 21794472 and 60?
12
Calculate the greatest common factor of 2658 and 486289074.
2658
What is the highest common divisor of 15550780 and 40?
20
What is the highest common factor of 26339250 and 21630?
210
What is the greatest common factor of 45 and 8181435?
15
Calculate the greatest common divisor of 297240 and 784.
8
What is the highest common factor of 9798 and 3252246?
138
Calculate the greatest common divisor of 7 and 546762937.
7
Calculate the highest common divisor of 31 and 270338786.
31
What is the highest common factor of 14553 and 1512?
189
Calculate the greatest common factor of 3720319 and 19.
1
Calculate the highest common divisor of 4759682 and 9154.
398
Calculate the greatest common factor of 50987 and 302117.
761
What is the greatest common divisor of 21 and 297707?
1
Calculate the highest common divisor of 4940 and 12401870.
2470
Calculate the greatest common divisor of 2230 and 1963570.
10
Calculate the greatest common factor of 9464 and 119127736.
728
What is the highest common factor of 31380 and 9155820?
60
What is the greatest common factor of 9089 and 208600?
149
What is the highest common factor of 96 and 21810000?
48
What is the highest common divisor of 13325 and 672113?
533
What is the highest common divisor of 741 and 1869258?
57
Calculate the highest common factor of 104879548 and 2644.
2644
What is the greatest common factor of 115521 and 21679?
7
Calculate the highest common factor of 9468930 and 1560.
30
Calculate the greatest common factor of 61 and 842275861.
61
What is the greatest common divisor of 1242974 and 2403?
89
Calculate the highest common divisor of 607297376 and 4704.
1568
Calculate the highest common factor of 5339 and 31268275.
281
What is the highest common divisor of 264 and 1532289088?
88
Calculate the highest common divisor of 15445500 and 3780.
420
What is the highest common divisor of 3228 and 3252636?
12
What is the highest common divisor of 5 and 26304995?
5
What is the highest common divisor of 684 and 76358853?
171
What is the highest common factor of 8575 and 571243225?
1225
What is the greatest common factor of 3282096 and 12120?
2424
What is the greatest common factor of 1650 and 35141700?
1650
What is the greatest common factor of 724012822 and 8698?
8698
What is the highest common factor of 486 and 813699?
27
Calculate the greatest common factor of 147298 and 1880.
94
What is the greatest common divisor of 37355 and 83173?
31
Calculate the greatest common factor of 13625447 and 706.
353
Calculate the greatest common divisor of 9746288 and 56.
8
Calculate the highest common factor of 4796484 and 101094.
1218
Calculate the greatest common divisor of 45 and 1750716.
9
Calculate the greatest common divisor of 208494096 and 1281.
183
What is the highest common divisor of 6465890 and 760?
190
Calculate the highest common divisor of 25649060 and 1957.
103
Calculate the highest common divisor of 4667429 and 188.
47
What is the greatest common divisor of 254889 and 780669?
1143
What is the highest common factor of 739519 and 202147?
253
What is the highest common factor of 627 and 231630045?
57
What is the highest common factor of 3296312 and 256?
8
What is the highest common divisor of 6501873 and 5213523?
8589
Calculate the highest common divisor of 19313913 and 4.
1
Calculate the highest common divisor of 85902284 and 3684.
1228
What is the greatest common divisor of 6681455 and 16225?
3245
What is the greatest common factor of 4896 and 12712736?
544
Calculate the highest common factor of 30 and 320745.
15
What is the greatest common divisor of 17836 and 11019561?
343
What is the highest common factor of 257717775 and 3675?
525
What is the greatest common factor of 3 and 83632?
1
Calculate the highest common divisor of 73161 and 210357828.
6651
What is the highest common factor of 11310 and 204906?
78
What is the highest common factor of 39769445 and 21699?
2411
What is the greatest common factor of 1309 and 11347721?
1309
What is the highest common divisor of 37681308 and 84?
84
What is the greatest common factor of 82209 and 108741?
201
What is the highest common divisor of 173820853 and 246?
41
What is the highest common divisor of 8245703 and 79465?
691
Calculate the greatest common divisor of 4647331 and 1859.
169
Calculate the highest common divisor of 29127 and 1292.
19
Calculate the highest common factor of 590975 and 44660.
385
What is the highest common divisor of 13286 and 1354106?
26
What is the highest common divisor of 109503 and 171?
9
What is the greatest common divisor of 39936 and 632112?
624
What is the greatest common factor of 23 and 250402633?
23
Calculate the highest common factor of 46 and 1146728940.
46
Calculate the highest common factor of 3686440 and 520.
40
Calculate the greatest common divisor of 6741635 and 118.
59
What is the greatest common divisor of 5181932 and 44?
4
What is the highest common factor of 945 and 1096725?
105
What is the highest common divisor of 8 and 5803652?
4
Calculate the greatest common divisor of 135 and 2215548585.
135
Calculate the highest common factor of 4865 and 156835090.
695
What is the 